 15138 is divided by 2987.
203
What is the remainder when 439852 is divided by 2199?
52
Calculate the remainder when 270423519 is divided by 51.
48
What is the remainder when 41033 is divided by 142?
137
Calculate the remainder when 330291 is divided by 4860.
4671
Calculate the remainder when 25941 is divided by 356.
309
What is the remainder when 63811 is divided by 1678?
47
Calculate the remainder when 35498245 is divided by 4510.
35
Calculate the remainder when 3650620 is divided by 3650581.
39
Calculate the remainder when 3852797 is divided by 2150.
2147
What is the remainder when 4750548 is divided by 169662?
12
Calculate the remainder when 2758759 is divided by 10.
9
What is the remainder when 1822106 is divided by 10655?
101
Calculate the remainder when 27791357 is divided by 2526485.
22
Calculate the remainder when 41488 is divided by 41412.
76
Calculate the remainder when 3357516 is divided by 63.
57
Calculate the remainder when 115404 is divided by 114853.
551
Calculate the remainder when 675521 is divided by 309.
47
Calculate the remainder when 10083 is divided by 1142.
947
What is the remainder when 2161699 is divided by 12282?
67
What is the remainder when 14953 is divided by 2836?
773
Calculate the remainder when 20321114 is divided by 5.
4
What is the remainder when 39373 is divided by 9812?
125
What is the remainder when 4645518 is divided by 14?
10
Calculate the remainder when 3062121 is divided by 185.
1
What is the remainder when 295702 is divided by 147833?
36
Calculate the remainder when 2485578 is divided by 1055.
1053
Calculate the remainder when 30771598 is divided by 30771582.
16
What is the remainder when 2431103 is divided by 178?
157
Calculate the remainder when 1337573 is divided by 95.
68
Calculate the remainder when 39677 is divided by 3700.
2677
Calculate the remainder when 160897 is divided by 5951.
220
What is the remainder when 6223996 is divided by 54596?
52
Calculate the remainder when 1785623 is divided by 27051.
257
Calculate the remainder when 6479173 is divided by 40492.
453
Calculate the remainder when 104618 is divided by 13061.
130
What is the remainder when 5021426 is divided by 3957?
3950
What is the remainder when 23827 is divided by 206?
137
What is the remainder when 669395 is divided by 4922?
3
Calculate the remainder when 211735830 is divided by 55676.
2
Calculate the remainder when 85278 is divided by 41869.
1540
What is the remainder when 278771 is divided by 429?
350
Calculate the remainder when 484712213 is divided by 3374.
3373
What is the remainder when 445524668 is divided by 1520562?
2
Calculate the remainder when 18656834 is divided by 44956.
94
Calculate the remainder when 1704783 is divided by 24354.
3
What is the remainder when 800066 is divided by 2204?
14
What is the remainder when 41380797 is divided by 15?
12
What is the remainder when 3346737 is divided by 48?
33
What is the remainder when 3743654641 is divided by 26?
25
What is the remainder when 61046 is divided by 6051?
536
Calculate the remainder when 12909 is divided by 12865.
44
Calculate the remainder when 6722159 is divided by 1307.
258
Calculate the remainder when 2612547 is divided by 474.
333
Calculate the remainder when 421163 is divided by 62.
59
Calculate the remainder when 49682 is divided by 307.
255
What is the remainder when 46375 is divided by 11545?
195
Calculate the remainder when 7517719 is divided by 1878.
85
What is the remainder when 32366 is divided by 144?
110
What is the remainder when 12293118 is divided by 128053?
30
What is the remainder when 49651919 is divided by 18?
17
Calculate the remainder when 10525899 is divided by 566.
563
Calculate the remainder when 2551826 is divided by 713.
712
What is the remainder when 12280309 is divided by 1535032?
53
Calculate the remainder when 78144889 is divided by 78144850.
39
Calculate the remainder when 6992973 is divided by 699295.
23
Calculate the remainder when 3221323 is divided by 9.
7
What is the remainder when 214180 is divided by 53529?
64
Calculate the remainder when 211180359 is divided by 84.
75
Calculate the remainder when 44914 is divided by 466.
178
What is the remainder when 1929356 is divided by 964665?
26
Calculate the remainder when 2441726 is divided by 174409.
0
What is the remainder when 10561960 is divided by 153071?
61
What is the remainder when 53836 is divided by 3259?
1692
Calculate the remainder when 14088650 is divided by 286.
4
Calculate the remainder when 67903 is divided by 67789.
114
What is the remainder when 8204022 is divided by 2734671?
9
Calculate the remainder when 33208 is divided by 11044.
76
What is the remainder when 95970331 is divided by 1232?
1227
Calculate the remainder when 12203522 is divided by 26880.
2
Calculate the remainder when 8855299 is divided by 103.
80
What is the remainder when 4395394 is divided by 61047?
10
What is the remainder when 123686 is divided by 467?
398
Calculate the remainder when 1357918 is divided by 7303.
6863
Calculate the remainder when 81742 is divided by 152.
118
Calculate the remainder when 790451 is divided by 263480.
11
Calculate the remainder when 815812 is divided by 252.
88
Calculate the remainder when 5773655 is divided by 4127.
4109
Calculate the remainder when 10936805 is divided by 152.
101
Calculate the remainder when 277692 is divided by 85.
82
What is the remainder when 2155868 is divided by 25?
18
Calculate the remainder when 1806083 is divided by 378.
377
What is the remainder when 107238 is divided by 2608?
310
What is the remainder when 67677142 is divided by 557?
528
What is the remainder when 77333 is divided by 7015?
168
What is the remainder when 959996 is divided by 146?
46
Calculate the remainder when 4107356 is divided by 27.
8
Calculate the remainder when 133360 is divided by 44333.
361
Calculate the remainder when 21175 is divided by 4559.
2939
What is the remainder when 169733216 is divided by 1202?
1200
What is the remainder when 6088759 is divided by 26358?
61
What is the remainder when 2676916 is divided by 14391?
190
What is the remainder when 2550510 is divided by 2550495?
15
What is the remainder when 2923241 is divided by 949?
321
Calculate the remainder when 830812 is divided by 59332.
164
What is the remainder when 82707 is divided by 2704?
1587
Calculate the remainder when 11007005 is divided by 3443.
3177
What is the remainder when 1241417 is divided by 413790?
47
What is the remainder when 920261 is divided by 1162?
1119
Calculate the remainder when 18809992 is divided by 3281.
19
Calculate the remainder when 289489 is divided by 26315.
24
Calculate the remainder when 302148 is divided by 100533.
549
Calculate the remainder when 138298 is divided by 649.
61
Calculate the remainder when 1727541 is divided by 191941.
72
What is the remainder when 14820052 is divided by 241?
239
What is the remainder when 11644079 is divided by 3443?
3296
What is the remainder when 238490639 is divided by 2085?
2084
Calculate the remainder when 88491 is divided by 88428.
63
What is the remainder when 5085767 is divided by 847625?
17
What is the remainder when 16398026 is divided by 79?
75
What is the remainder when 18055161 is divided by 1003064?
9
What is the remainder when 2261434 is divided by 50254?
4
Calculate the remainder when 2951787 is divided by 623.
13
What is the remainder when 54493664 is divided by 722?
714
What is the remainder when 66543 is divided by 708?
699
What is the remainder when 120012 is divided by 167?
106
What is the remainder when 972092 is divided by 749?
639
Calculate the remainder when 9563151 is divided by 47.
14
What is the remainder when 13848737 is divided by 2250?
2237
Calculate the remainder when 20012 is divided by 3320.
92
Calculate the remainder when 410936 is divided by 45575.
761
What is the remainder when 4159762 is divided by 519942?
226
What is the remainder when 347594073 is divided by 23?
18
What is the remainder when 28964730 is divided by 438859?
36
Calculate the remainder when 235803 is divided by 3368.
43
What is the remainder when 2800577 is divided by 12788?
5
Calculate the remainder when 96708 is divided by 48346.
16
Calculate the remainder when 10598599 is divided by 32.
7
Calculate the remainder when